 are the prime factors of 2617?
2617
What are the prime factors of 75731?
75731
What are the prime factors of 152825?
5, 6113
What are the prime factors of 1585?
5, 317
List the prime factors of 9456.
2, 3, 197
What are the prime factors of 361?
19
List the prime factors of 4055.
5, 811
List the prime factors of 885.
3, 5, 59
List the prime factors of 1008.
2, 3, 7
What are the prime factors of 1240?
2, 5, 31
What are the prime factors of 12003?
3, 4001
What are the prime factors of 1294?
2, 647
List the prime factors of 2522.
2, 13, 97
What are the prime factors of 205?
5, 41
List the prime factors of 843.
3, 281
List the prime factors of 36984.
2, 3, 23, 67
What are the prime factors of 2892?
2, 3, 241
List the prime factors of 5398.
2, 2699
What are the prime factors of 4390?
2, 5, 439
What are the prime factors of 615?
3, 5, 41
What are the prime factors of 1375?
5, 11
What are the prime factors of 8546?
2, 4273
List the prime factors of 19475.
5, 19, 41
List the prime factors of 158743.
13, 12211
What are the prime factors of 11325?
3, 5, 151
List the prime factors of 11048.
2, 1381
List the prime factors of 223.
223
What are the prime factors of 31232?
2, 61
List the prime factors of 416.
2, 13
List the prime factors of 4513.
4513
List the prime factors of 2654.
2, 1327
List the prime factors of 5363.
31, 173
List the prime factors of 28634.
2, 103, 139
List the prime factors of 115.
5, 23
What are the prime factors of 44318?
2, 22159
What are the prime factors of 2815?
5, 563
What are the prime factors of 32068?
2, 8017
List the prime factors of 39151.
7, 17, 47
List the prime factors of 9297.
3, 1033
What are the prime factors of 784?
2, 7
List the prime factors of 43757.
7, 19, 47
List the prime factors of 251.
251
What are the prime factors of 88631?
263, 337
What are the prime factors of 169?
13
List the prime factors of 76281.
3, 47, 541
List the prime factors of 1573.
11, 13
What are the prime factors of 104396?
2, 26099
List the prime factors of 133177.
11, 12107
What are the prime factors of 2601?
3, 17
List the prime factors of 366.
2, 3, 61
List the prime factors of 579.
3, 193
What are the prime factors of 2729?
2729
List the prime factors of 5090.
2, 5, 509
What are the prime factors of 1497?
3, 499
What are the prime factors of 121147?
13, 9319
What are the prime factors of 592?
2, 37
List the prime factors of 1251.
3, 139
List the prime factors of 115732.
2, 28933
List the prime factors of 952.
2, 7, 17
What are the prime factors of 9301?
71, 131
What are the prime factors of 78336?
2, 3, 17
What are the prime factors of 835?
5, 167
List the prime factors of 3998.
2, 1999
List the prime factors of 181055.
5, 7, 739
What are the prime factors of 12316?
2, 3079
List the prime factors of 2570.
2, 5, 257
What are the prime factors of 136335?
3, 5, 61, 149
List the prime factors of 24713.
13, 1901
What are the prime factors of 1165?
5, 233
What are the prime factors of 4192?
2, 131
List the prime factors of 37203.
3, 12401
List the prime factors of 668.
2, 167
List the prime factors of 9113.
13, 701
What are the prime factors of 6238?
2, 3119
List the prime factors of 45676.
2, 19, 601
What are the prime factors of 14090?
2, 5, 1409
What are the prime factors of 36909?
3, 1367
List the prime factors of 246.
2, 3, 41
List the prime factors of 13052.
2, 13, 251
List the prime factors of 752.
2, 47
List the prime factors of 90058.
2, 37, 1217
List the prime factors of 725.
5, 29
List the prime factors of 54009.
3, 17, 353
What are the prime factors of 1264?
2, 79
What are the prime factors of 1578?
2, 3, 263
What are the prime factors of 1385?
5, 277
List the prime factors of 74293.
74293
List the prime factors of 986.
2, 17, 29
What are the prime factors of 12626?
2, 59, 107
What are the prime factors of 1198?
2, 599
What are the prime factors of 640?
2, 5
List the prime factors of 42555.
3, 5, 2837
What are the prime factors of 36300?
2, 3, 5, 11
List the prime factors of 3455.
5, 691
List the prime factors of 26436.
2, 3, 2203
List the prime factors of 23837.
11, 197
What are the prime factors of 410?
2, 5, 41
List the prime factors of 106.
2, 53
List the prime factors of 5106.
2, 3, 23, 37
What are the prime factors of 170275?
5, 7, 139
What are the prime factors of 600?
2, 3, 5
List the prime factors of 95.
5, 19
What are the prime factors of 7901?
7901
List the prime factors of 44408.
2, 7, 13, 61
What are the prime factors of 300?
2, 3, 5
List the prime factors of 1503.
3, 167
What are the prime factors of 14303?
14303
List the prime factors of 120.
2, 3, 5
What are the prime factors of 15307?
15307
What are the prime factors of 3446?
2, 1723
What are the prime factors of 63954?
2, 3, 11, 17, 19
List the prime factors of 21.
3, 7
List the prime factors of 578.
2, 17
What are the prime factors of 1418?
2, 709
What are the prime factors of 2674?
2, 7, 191
List the prime factors of 22727.
22727
List the prime factors of 6186.
2, 3, 1031
List the prime factors of 13678.
2, 7, 977
What are the prime factors of 1161?
3, 43
What are the prime factors of 37645?
5, 7529
List the prime factors of 540.
2, 3, 5
What are the prime factors of 23881?
11, 13, 167
List the prime factors of 1195.
5, 239
List the prime factors of 18878.
2, 9439
List the prime factors of 80049.
3, 26683
What are the prime factors of 20234?
2, 67, 151
What are the prime factors of 13671?
3, 7, 31
List the prime factors of 669.
3, 223
What are the prime factors of 46361?
7, 37, 179
What are the prime factors of 787?
787
What are the prime factors of 17045?
5, 7, 487
List the prime factors of 616.
2, 7, 11
List the prime factors of 92389.
11, 37, 227
What are the prime factors of 51783?
3, 41, 421
What are the prime factors of 3690?
2, 3, 5, 41
List the prime factors of 52086.
2, 3, 8681
List the prime factors of 28396.
2, 31, 229
List the prime factors of 1703.
13, 131
List the prime factors of 1109.
1109
List the prime factors of 7884.
2, 3, 73
What are the prime factors of 65126?
2, 32563
List the prime factors of 18063.
3, 223
List the prime factors of 2482.
2, 17, 73
List the prime factors of 9462.
2, 3, 19, 83
List the prime factors of 36535.
5, 7307
What are the prime factors of 7258?
2, 19, 191
List the prime factors of 6220.
2, 5, 311
List the prime factors of 8537.
8537
List the prime factors of 11401.
13, 877
List the prime factors of 2435.
5, 487
List the prime factors of 66361.
66361
What are the prime factors of 132782?
2, 13, 5107
What are the prime factors of 9743?
9743
List the prime factors of 2098.
2, 1049
What are the prime factors of 694?
2, 347
What are the prime factors of 44187?
3, 11, 13, 103
List the prime factors of 9694.
2, 37, 131
What are the prime factors of 7261?
53, 137
List the prime factors of 9187.
9187
What are the prime factors of 2261?
7, 17, 19
List the prime factors of 15832.
2, 1979
What are the prime factors of 3093?
3, 1031
What are the prime factors of 693?
3, 7, 11
What are the prime factors of 57855?
3, 5, 7, 19, 29
List the prime factors of 17322.
2, 3, 2887
What are the prime factors of 528?
2, 3, 11
List the prime factors of 1430.
2, 5, 11, 13
What are the prime factors of 14942?
2, 31, 241
What are the prime factors of 22220?
2, 5, 11, 101
What are the prime factors of 1753?
1753
What are the prime factors of 686?
2, 7
What are the prime factors of 451?
11, 41
List the prime factors of 70725.
3, 5, 23, 41
What are the prime factors of 80438?
2, 37, 1087
List the prime factors of 4473.
3, 7, 71
List the prime factors of 113076.
2, 3, 349
List the prime factors of 513.
3, 19
List the prime factors of 97466.
2, 48733
What are the prime factors of 50914?
2, 25457
What are the prime factors of 13960?
2, 5, 349
List the prime factors of 658.
2, 7, 47
What are the prime factors of 34413?
3, 11471
List the prime factors of 2741.
2741
What are the prime factors of 95145?
3, 5, 6343
What are the prime factors of 1592?
2, 199
What are the prime factors of 2209?
47
What are the prime factors of 663?
3, 13, 17
What are the prime factors of 3216?
2, 3, 67
What are the prime factors of 2699?
2699
List the prime factors of 687.
3, 229
What are the prime factors of 51190?
2, 5, 5119
List the prime factors of 14335.
5, 47, 61